?
False
Let v be (-16)/6 - ((-30)/(-9) + -3). Let w be (v - 15)/(-3) + 1. Suppose -w*m = -6*m - 787. Is m a prime number?
True
Let s(q) = q**3 + 10*q**2 + q + 12. Let t be s(-10). Suppose 0 = 2*f - 3*i - 746, 3*i + 251 = -t*f + 997. Is f a composite number?
False
Let k = 32478 - 16216. Let i = 24171 - k. Is i composite?
True
Let r be (-2 - -2) + (-17 - -20). Is (21/(-9))/(r*1/(-333)) a prime number?
False
Let y = 33 - 33. Suppose -3*h = -y*h - 4428. Suppose 3*d - 3*c = h, -2*c - c = -5*d + 2470. Is d prime?
False
Let f(y) = 5*y - 481. Let z be f(-11). Suppose -d - 970 = -5*h, 2*d + 5*h = 4*d + 1915. Let b = z - d. Is b prime?
True
Suppose 462640 = h - 3*d, 0*d - d = -2*h + 925235. Is h composite?
True
Let o(d) = d**2 - 13*d + 27. Let t be o(11). Let f be (t/(30/4))/((-7)/42). Is (-3)/((-15)/10)*(-1146)/f a composite number?
True
Let s = 211226 - 64749. Is s a prime number?
True
Suppose 2*a - a = -a. Let p(l) = -2*l**3 - 2*l**2 - l - 1. Let v be p(a). Is 2617*v/((-2)/(-3 + 5)) composite?
False
Suppose -251*y = -255*y + 93936. Suppose 3*w - 3*t - y = 0, -5025 = -w + 5*t + 2799. Is w a prime number?
True
Is -10 + (-24)/(-12) + 137731 a composite number?
False
Suppose -4*h + 36784 = -4*x, -24*h + 2*x = -21*h - 27589. Let a = h - 3619. Is a a prime number?
False
Let u(d) = -d - 9. Let b = -35 - -31. Let x be u(b). Is 1654 - (-11 - x)*1/2 a composite number?
False
Suppose 0 = -5*r - 31*h + 34*h + 473855, 4*r + 3*h - 379084 = 0. Is r composite?
False
Let r(y) = -258*y**3 + 17*y**2 + 55*y + 495. Is r(-13) composite?
False
Suppose q = 7*x - 816989, -35*q - 6 = -38*q. Is x composite?
True
Let o(j) be the first derivative of 3*j**4/4 - 17*j**3/3 - 41*j - 6. Is o(14) prime?
False
Let x be 2*6 - (5 + -3). Suppose 189 = -x*f + 69. Let s(j) = j**3 + 11*j**2 - 16*j - 17. Is s(f) composite?
False
Let s(c) = 31*c**2 + 77*c - 169. Is s(-34) prime?
True
Suppose -39204 = 5*r - 3*i + 2*i, -3*i = -12. Let w = r + 14955. Is w prime?
False
Let i(y) = 10326*y**2 + y - 2. Let k be i(1). Suppose 5*t - k = -2*s, -s = -0*s - 5. Is t a composite number?
False
Let q(n) = n**3 + 21*n**2 - 2*n - 31. Let i be q(-31). Let b = -4984 - i. Is b a composite number?
True
Suppose 0 = -7*j + 128721 + 146330. Is j composite?
False
Suppose 39*d - 46*d = 42, 5*d - 1099407 = -3*i. Is i prime?
True
Suppose -2*b + 89 - 107 = 0. Let t be 194/6 - (-3)/b. Let j = 411 - t. Is j prime?
True
Suppose 2*j - 347815 = 3*t, -15*j + t = -18*j + 521684. Is j a composite number?
False
Let d(s) = -s**3 + 2*s**2 + 2. Let q be d(2). Suppose 1755 = 5*j - 4*z, -q*z - 2*z + 674 = 2*j. Suppose t - 204 = -3*c + j, 5*t = 3*c + 2791. Is t composite?
False
Let s(p) = 13*p**2 - 13*p - 5. Let q be (1 + (-2 - -1))*(-6)/(-6). Suppose -6*f - 36 = -q*f. Is s(f) a prime number?
True
Let h(j) = -4365*j - 251. Is h(-8) composite?
True
Let x(o) = -87*o - 1690. Is x(-25) composite?
True
Let h = -26 + 10. Let v(l) = -6*l - 34. Let x be v(h). Let m = 153 + x. Is m composite?
True
Let z(k) = -k**3 - 41*k**2 + 16*k + 103. Let t = 255 - 297. Is z(t) prime?
False
Let n(x) = 3*x**2 + 15*x - 1. Let u be n(11). Suppose 3*q - 327 = -0*q. Suppose 6*i - u = q. Is i composite?
True
Suppose v = 2*j + 1063681, j + 3191013 = 13*v - 10*v. Is v a prime number?
False
Let o = 31667 - -76064. Is o composite?
True
Is (27288/9)/((-3)/(-9)) + 3/3 a composite number?
True
Let b(g) = -21*g + 55. Let v be b(0). Is 2/(-5) + 1117842/v + -1 composite?
False
Let t be (-392)/2156 - 18852/11. Suppose p = -p - 2370. Let j = p - t. Is j a composite number?
True
Let o = 821005 - 491664. Is o composite?
True
Let b be (-4)/34 + 104/17. Suppose -u = 4*o - 2*u - 14, -3*u - 6 = 0. Is ((-933)/b)/(o/(-42)) a composite number?
True
Suppose 4*m - 6*v + 3*v - 51 = 0, 5*m - 65 = 4*v. Suppose -31*w = m*w - 222760. Is w composite?
False
Let g be 4/14 + 10/14 + 1. Suppose g*p + 4*y - 4738 = p, -y = 2. Let t = p - 2353. Is t a composite number?
False
Suppose 45*f - 5495956 - 260579 = 0. Is f a prime number?
False
Let i(y) = 60*y**2 - 47*y - 627. Is i(36) prime?
False
Let u = -97 + 126. Suppose -u*x = -1594 - 1045. Is x a composite number?
True
Let z = -2343 + -10515. Let i = -6907 - z. Is i a prime number?
False
Suppose -c - 3*o + 45 = 4, 4*o + 97 = 3*c. Suppose 25*h = c*h - 9010. Is h a prime number?
False
Suppose -3*r + 12103590 = -3*r + 30*r. Is r a prime number?
False
Let r be (0 - 21)/(-5*(-10)/(-68750)). Let o = r + -17686. Is o a prime number?
False
Let m(i) = 727*i - 343. Is m(30) prime?
True
Suppose -2*v = -12, 0 = 6*u + 44*v - 43*v - 2513892. Is u prime?
True
Let b(d) = d**2 + 3*d. Let g be b(-4). Is 1*-2*(-4106)/g prime?
True
Let j be (-4 + (3 - 0))*5 - -156264. Suppose j = 28*w + 18975. Is w composite?
False
Let c be 32/40*(48/3 - 1). Let v(p) = 2*p**2 + 162*p - 166*p - 2*p**2 + 15 - c*p**3. Is v(-5) a composite number?
True
Suppose s - 8241 = 4*f, -3*f = 1676*s - 1673*s - 24783. Is s composite?
True
Suppose 0 = -12*l + 9*l + 15411. Is l a prime number?
False
Suppose -10*x = -177 + 37. Let i be (-2 - 0)/(x/(-9114)). Let t = 1975 - i. Is t prime?
True
Let y = -9482 - -143551. Is y composite?
True
Suppose 2*g - 8 + 2 = 0. Suppose 0*n + 16 = -4*n, -g*w + 16 = -4*n. Suppose 3*o + 2*o = w, -3*s - 3*o + 363 = 0. Is s prime?
False
Let b(f) = -f + 152. Let m be b(0). Let v be ((-9)/(-6))/(6/(-396)*-1). Let r = m + v. Is r a prime number?
True
Let q = -5961 - -12458. Is q composite?
True
Suppose 16 = 3*y + 2*c, -3*c - c = y - 22. Suppose y*o - 2998 = 4*z, -o = -3*o - 5*z + 2998. Is o a prime number?
True
Suppose -22398662 = -199*a + 174*a - 7271487. Is a a composite number?
True
Suppose -103*v - 1213682 = -314528 + 341172. Let s be -2*1*34378/(-4). Let y = v + s. Is y a prime number?
True
Let m = 52106 + -35526. Suppose -5*c - 5*v + m = 0, 2*c - 3*v - 5925 - 712 = 0. Is c composite?
True
Suppose -4*a + 213 = -5*n + 39, -175 = 5*n - 5*a. Let r be (2 - 46/(-6))/((-10)/(-690)). Let h = n + r. Is h composite?
True
Suppose -156*x + 1028148 = -144*x. Is x composite?
True
Suppose -5*y + 351 = -734. Suppose y = 5*p - 40843. Suppose -30*z = -26*z - p. Is z a prime number?
True
Suppose -3*d = 5*o - 4598830, -2*d + 2759297 = 22*o - 19*o. Is o a prime number?
True
Let l = -395 - -400. Suppose 4*k = l*i - 20030, -2*i + 3*k = -12999 + 4987. Is i composite?
True
Let a be (1 - 4/8)*-4. Let m = -8 + a. Is (478/m)/(1/(-5) - 0) a composite number?
False
Suppose -69*k + 92*k - 74*k - 16983 = 0. Let n = -782 - -1417. Let j = k + n. Is j composite?
True
Suppose 3*u + 45654 = 11*a - 8*a, 0 = -2*a - 4*u + 30424. Suppose 10*m - 55586 = -a. Is m a composite number?
True
Let x = -2207 - -41988. Is x a prime number?
False
Let j(o) = 2*o**3 - 39*o**2 - 5*o - 133. Is j(35) composite?
True
Suppose 841267 - 7186886 = -7*a. Is a prime?
True
Suppose 2*u = f - 24, 0 = -4*f + 2*u + 22 + 68. Suppose 4*z - 70 + f = 0. Is 7271/7 + (z/(-7) - -2) prime?
True
Suppose 588472 = 2*w + 4*x - 92022, -4*x = 3*w - 1020737. Suppose w = 13*j + 65436. Is j prime?
True
Let h = 105528 + -52061. Is h prime?
False
Let s(p) = -p**3 - 23*p**2 - 61*p - 12. Let b be 1/11 + 5740/(-220). Is s(b) a composite number?
True
Let v = -438 - -883. Suppose -v - 5969 = -6*b. Is b a prime number?
True
Suppose 88*p - 91*p = -36612. Suppose -9184 = -2*h + p. Is h a composite number?
True
Suppose -5*t - 25205 = -k, -4*t - k - 20143 = -6*k. Let a = 12597 + t. Is a a prime number?
False
Suppose 163*y = 11679912 + 360735. Is y prime?
False
Suppose -23 - 7 = 5*m - 5*h, 10 = 3*m + 4*h. Suppose 149*c + 32 = 145*c. Is 743 + (m/6 - c/24) a prime number?
True
Suppose -4*t + 2040 = o + 4*o, 3*t = 5*o - 2040. Suppose -4*d + 6 = u, 41*d - 8 = 42*d + 5*u. Suppose w - 8 = d*p + 181, 2*w = -2*p + o. Is w prime?
True
Let n(a) = -a**3 - 10*a**2 + 12*a + 12. Let k be n(-11). Let d(j) = -309*j**3 + j**2 - 1. Let w be d(k). Let o = w + 740. Is o a prime number?
True
Let j(v) = 17*v**2 - 4*v**3 - 7 + 7*v + 0*v**3 - 6*v + 3*v**3. Let p be j(17). Suppose 0 = -8*o + p*o - 582. Is o composite?
True
Is (-7)/(-7)*-3 + 246892 a composite number?
False
Let c(n) = -n**3 + n**2 - 9*n - 9. Let t be c(-1). Let d(o) = 10*o**2 - 22 + 5*o**3 - 3*o**2 + 23*o - t*o**3. Is d(9) a prime number?
True
Suppose 3*a - 1583 - 640 = 0. Suppose o + 1585 = -a. Let y = 4425 + o. Is y a prime